*r + 2996. Suppose -12650 = -14*f - r. What is the hundreds digit of f?
6
Let x = -50 - -55. Suppose 0 = q + 2*z - 1333, 0 = x*q - 3*z - 0*z - 6613. What is the thousands digit of q?
1
Suppose 16 = -2*o - 11*g + 15*g, 0 = -4*g. What is the units digit of (3*(-726)/27)/(o/24)?
2
Let h(i) = 5*i + 223. Let m be h(0). Suppose -4*f = n - 14, -3*f + 15 = 2*f. Suppose 89 = n*p - m. What is the hundreds digit of p?
1
Let m(p) = -p + 2. Let a be m(-2). Let o be 14/2 - (20 + (-360)/18). Suppose -a*n = 2*b - 356, 3*b + 5*n = o*n + 574. What is the tens digit of b?
8
Suppose 317 = 4*m - 5*j, -3*m + 2*j + 170 = -59. Let s = -224 + 328. Let y = s - m. What is the tens digit of y?
3
Let z = -35 + 35. Suppose -37*i + 30*i + 1673 = z. What is the hundreds digit of i?
2
Let k be (-128680)/(-35) + (8/(-14) - 0). Suppose -1012 = 6*z - k. What is the tens digit of z?
4
Let r(a) = -90*a**2 + 5*a - 14. Let u be r(6). What is the tens digit of (-1*2)/(16/u)?
0
Let i(s) = -485*s**3 - 17*s**2 - 56*s + 86. What is the tens digit of i(-5)?
6
Let m(q) = q**3 + 22*q**2 - 50*q - 28. Let n be m(-24). What is the tens digit of (-23)/(-6 - (-115)/n)?
9
Suppose -4*b + 47738 = -r, 29*b - 31*b + 23864 = 2*r. What is the tens digit of b?
3
Suppose -83*c - 7 = -76*c. What is the tens digit of 4/(-14) - c/(21/5109)?
4
Let b(k) = -7*k - 25. Let t be b(-4). Suppose t*r - 4 = 4*r. What is the units digit of (-1 - r) + 4*-4*-5?
3
Let y = 257 + -257. Suppose 10*v + 34 - 1044 = y. What is the tens digit of v?
0
Let y(k) = -45*k**3 - 2*k**2 - k + 2. Let v be y(-2). Suppose 4*z - b - 1349 = 0, 3*z + 4*b + v = 4*z. What is the tens digit of z?
3
What is the thousands digit of ((-3)/5)/(243/(-25720740))?
3
Let g(q) be the first derivative of -71*q**4/4 + 159. What is the units digit of g(-2)?
8
Let b(v) = -303*v**3 - 9*v**2 - 7*v + 2. Let m(x) = 151*x**3 + 5*x**2 + 4*x - 1. Let j(g) = 4*b(g) + 7*m(g). Let a = 43 + -44. What is the units digit of j(a)?
5
Let f(l) = -127*l - 891. What is the hundreds digit of f(-38)?
9
Let k be (-3 - -4)*0/(-1). Suppose k = t + 172 + 96. Let a = -184 - t. What is the tens digit of a?
8
Let k = 36036 + -30686. What is the tens digit of k?
5
Suppose 2*r = 2*q - 12228, -5*r - 1547 = -4*q + 22904. What is the hundreds digit of q?
1
Let x(q) = 3*q + 45 + 3*q + 40 - 5*q. Suppose 45*b - 43*b = 0. What is the tens digit of x(b)?
8
Suppose -30*q + 10746666 = 49*q + 122*q. What is the ten thousands digit of q?
5
Let a(u) = -983*u**3 + 4*u + 3. Suppose 4*n - 24 + 7 = 5*g, 4*g = -5*n + 11. What is the units digit of a(g)?
2
Let y = -16345 + 54089. What is the ten thousands digit of y?
3
Let p be (-3 - 45/(-1))/((-12)/(-78)). Suppose -74*h - p = -75*h. What is the tens digit of h?
7
Let p = 575 + -189. Let m = -359 + p. What is the tens digit of m?
2
What is the tens digit of (-2085390)/(-255) + -1 + -4 + 2?
7
Let q be (-6)/(-12)*-70*(-3 + 2). Suppose 31*g - q = 26*g. What is the units digit of g?
7
What is the thousands digit of (-5 - (0 - -3))*((-442871)/76 + 22)?
6
Let w = 79 - -87. Let u = 239 - w. Suppose 0 = -4*v - 20, -u = -2*m + m - 3*v. What is the units digit of m?
8
Let d be 148/(4/((-252)/(-7))). Let o = d + -794. What is the units digit of o?
8
Suppose 14*i = -41609 + 71000 + 73159. What is the units digit of i?
5
Suppose -2*p = -2*g - 40248, -12*g - 20132 = -p - 15*g. What is the units digit of p?
6
Suppose -15*h + 0*h = 0. What is the tens digit of h + 666 + -7 + 12?
7
Let i(g) be the first derivative of g**3 - 35*g**2/2 - 304*g + 297. What is the units digit of i(-22)?
8
Let j(u) = -653*u + 6961. What is the units digit of j(-10)?
1
Let c(d) = d**3 + 14*d**2 - 7*d + 5. Let x = -240 - -229. What is the tens digit of c(x)?
4
Let j(n) = 2*n**3 - 40*n**2 + 17*n + 6. Let k = -550 - -570. What is the units digit of j(k)?
6
Suppose 0 = -2*t + 4*x - 2, 3*x - 7*x + 14 = 2*t. Suppose -t*o = -12, -3*z + 7*o + 760 = 2*o. What is the tens digit of z?
6
Let b(p) = p**2 + 17*p. Let c be b(-17). Let r(y) = -y + 4*y + 5 - 14*y + c*y. What is the tens digit of r(-8)?
9
Suppose 15 - 1215 = -3*h. Let t = -260 + 526. Suppose -4*g + t = 2*i, -3*g + 8*g = -3*i + h. What is the tens digit of i?
3
What is the tens digit of (-131)/((-4)/12*(-60)/(-8980))?
1
Suppose 0 = -3*u - o + 6, 5*u = -5*o + 5 + 5. Let i = 122 - 120. Suppose 0 = -r - i*a + 78, -u*a + 75 = r + 3*a. What is the tens digit of r?
8
Let n be (-6)/10 - (12490/(-25) + -14). Suppose -n = -b - 180. What is the units digit of b?
3
Let p be -5 - 105/(-20) - 2851/(-4). Let x = -14 + p. What is the units digit of x?
9
Let f = -28 + 33. Let q be (-3 - (-4 + 2))/(f/11360). What is the tens digit of (-1)/(-3) - q/24?
9
Suppose 2*f = 5*j - 16, 16*f - 19*f + 5*j = 34. What is the tens digit of 6/f*8*234/(-3)?
0
Let z(o) = 56015*o**2 - 96*o + 95. What is the tens digit of z(1)?
1
Let q(m) = -m**3 + m**2 + 7*m. Let x be q(3). Let d be (24/16)/(x/(-16)). What is the tens digit of 10 - 8 - 1*d?
1
Let v be 3*(-2 - 24/(-9)). Suppose -4*z + v*p + 1196 + 250 = 0, 4*p + 344 = z. Let r = 607 - z. What is the tens digit of r?
4
Let t(r) = -r**3 + 20*r**2 - 4. Let k be t(20). What is the hundreds digit of -5 - k - (-36)/4*21?
1
Suppose -17*q + 34*q - 425 = 0. Suppose -q*z + w = -29*z + 3766, 2*w = 2*z - 1878. What is the units digit of z?
1
Let j be ((-1)/(-2))/(1/6). Suppose z + j*l + 6 = 0, -3*z - 4 + 11 = 4*l. Suppose -3*q + 9 = -z. What is the units digit of q?
6
Let a(i) = i**3 - 13*i**2 - 31*i + 561. Let q be a(13). Suppose f = 4*f + 207. Let y = f + q. What is the tens digit of y?
8
Suppose 0 = -35*m + 29*m - 41369 + 137165. What is the tens digit of m?
6
Suppose 206*c - 3335759 = -43*c + 2908414. What is the tens digit of c?
7
Let m be (-26)/(-117) + (-2)/((-54)/777). Let g(b) = 8*b - 80. What is the hundreds digit of g(m)?
1
Suppose 661*l + 2485 = 666*l. What is the tens digit of (-4 + (-3)/(-3) + l)*1?
9
Let o = 45 + -31. Let h(j) = 28*j + 6. What is the units digit of h(o)?
8
Let l be (-20)/(-110) - (-2)/(-11) - -5. Let s(w) = -w - 3. Let u be s(-3). Suppose y - 58 = -5*m + 59, l*y + 15 = u. What is the tens digit of m?
2
Let t(c) = 3*c - 2 - 34*c**3 - 54*c**3 + c**2 - 4*c. Let d be (4/10)/((-30)/75). What is the tens digit of t(d)?
8
Let k = 172 - 172. Suppose 4*u - 138 = -3*j, k = -u + 5*j + 31 + 15. What is the units digit of u?
6
Suppose -10*n - 20 = -70. Let c be (0/2 - n) + 1*4. Let i(u) = -76*u**3. What is the tens digit of i(c)?
7
Let k be 6*(6 - (-6)/36*1753). Suppose -4*g = 5*p - 3706, -2*p = 2*g - 63 - k. What is the tens digit of g?
2
Let o = 46 + -40. Suppose 0 = -z + 3*p + 503, -p = -o*p. What is the units digit of z?
3
Suppose -5260 = -4*h + 5*p, -h - 4*p = -3*p - 1315. Suppose -o - h = -z, 15*z - 2*o = 14*z + 1315. What is the hundreds digit of z?
3
What is the units digit of ((-60)/25)/(-3) + 1667257/185?
3
Let d = -16275 + 28453. What is the tens digit of d?
7
Suppose 101*b = 96*b + 10. Let s(l) = 19 + 4*l**3 + 12*l**b + 15*l - 4*l**3 + l**3. What is the hundreds digit of s(-7)?
1
Let w = -843 - -3132. What is the hundreds digit of w?
2
Suppose -89*y + 83*y + 127344 = 0. What is the thousands digit of y?
1
Suppose -44*x - 16213 - 11639 = 0. Let a = -240 - x. What is the tens digit of a?
9
Let w(r) = r**3 + 9*r**2 - 11*r + 1. Let n be 0*(-3 + 2 + 2). Suppose 2*l + 16 - 6 = n. What is the tens digit of w(l)?
5
Let l(y) = -2*y**3 - 8*y**2 - 2*y + 2. Let v be l(-4). What is the tens digit of 358/v*35/7?
7
Let j = 17747 + -9277. What is the thousands digit of j?
8
Let k(a) = -9*a + 50. Let u be k(5). Suppose -3*s + 667 = u*v, -4*s - 2*v = 39 - 933. What is the units digit of s?
4
Let b(h) = 18*h**2 - 179*h - 21. Let s be b(10). Suppose -4*i = -0*a - 2*a + 42, -4*i = -3*a + 53. Let l = a - s. What is the units digit of l?
2
Let b(n) = n - 96*n**2 + 131*n**2 + 4*n. What is the tens digit of b(-5)?
5
Let f(c) = -2*c - 10. Let g be f(-8). Suppose g*u - 4*u = 22. Let w(x) = x + 9. What is the tens digit of w(u)?
2
Let t = -6685 - -6641. Let x be 20/(-1) + -1 + 2. Let d = x - t. What is the units digit of d?
5
Let t be (-2)/(12/154) + (-2)/6. Let j be (-39)/t*(51 + 2)*-2. Let l = j - -307. What is the tens digit of l?
4
Let r = 7088 + -395. What is the units digit of r?
3
Let p(i) = 20*i**2 + 10*i - 8. Suppose 3*q = 4*s